 2. Suppose -5*v + 6*v = 3*u + 61, 5*v - 4*u = 272. What is the remainder when v is divided by z(s)?
16
Let c = 10 + 3. Suppose 0*m + m = -114. Calculate the remainder when 3*(m/(-9) + 0) is divided by c.
12
Let s be (-276)/14 - 4/14. What is the remainder when (-5)/2*s/25 is divided by (-1)/4 - 9/(-4)?
0
Let x(y) = -y + 9. Calculate the remainder when (-2)/3 + (-428)/(-12) is divided by x(-9).
17
Let h be 0 + 1/(2/22). Let n = 6 + h. Calculate the remainder when 32 is divided by n.
15
Suppose -3*r = -15, 2*z = z + 3*r - 12. Let l(b) = b**3 - 4*b**2 + 5*b - 2. Let a be l(3). Suppose z*k - a = 5. What is the remainder when 7 is divided by k?
1
Let k(y) = -14*y - 15. Let b(w) = -3*w - 3. Let t(z) = 11*b(z) - 2*k(z). Suppose -192 = -4*l - 52. What is the remainder when l is divided by t(-3)?
11
Suppose 3*v = 2*v + 70. Calculate the remainder when v is divided by 18.
16
Let d(j) = 11*j**2 + 4*j - 5. Calculate the remainder when d(2) is divided by 13.
8
Suppose 5*c - 5*o = 40, -6*c - 2*o + 2 = -2*c. Suppose -2*j + 5*x + 7 = 0, 3*j + x - 22 = -c*x. What is the remainder when 22 is divided by j?
4
Let b be (-2)/((-2 - -3)/(-1)). Let z = b - 0. Suppose -8 = -2*l, z*a + 4 = -5*l + 120. Calculate the remainder when a is divided by 17.
14
Let c = 26 - 36. Let g = c - -14. Calculate the remainder when 7 is divided by g.
3
Suppose -4*k = k - 3*u - 201, 3*u = -6. What is the remainder when k is divided by 8?
7
Let q = 24 - 13. What is the remainder when 42 is divided by q?
9
Let d(p) = p**2 - p. Let b be d(-3). Let m be 8/b - (-20)/6. Suppose 0 = z - m*o - 17, 4*o = -3*z - 0*z + 51. What is the remainder when z is divided by 6?
5
Let p be 14/(-7) - 1*-1. What is the remainder when 66 is divided by p/(-2) - 66/(-4)?
15
Let b(z) = 2*z**3 + 18*z**2 - 3*z - 10. What is the remainder when 48 is divided by b(-9)?
14
Let y be 0 + ((-1)/(-1) - 7). Let s = 2 - y. Suppose 0 = s*m - 3*m - 40. What is the remainder when 15 is divided by m?
7
Let t(p) = -p**2 + 11*p + 2. Let l be t(11). Suppose 0 = -r - 2*k + 43, 0*k - 86 = -l*r + 5*k. What is the remainder when r is divided by 22?
21
Let j(f) = f**3 - 2*f**2 + 2*f - 1. Let g be j(1). Suppose 4*s = 5*w - 14, 3*w + s + 0*s - 22 = g. Let c = w + 10. What is the remainder when c is divided by 9?
7
Let n = -9 - -20. What is the remainder when 2/((-16)/42)*-4 is divided by n?
10
Let q = 7 + -5. Suppose 2*k + 20 = 2*j, 4*j - q*j + 4*k - 26 = 0. Calculate the remainder when 31 is divided by j.
9
Suppose -20 - 5 = -5*p - j, -5*j + 29 = p. Let b be -4 - (-1 + 0)*0. Let z = 2 - b. Calculate the remainder when z is divided by p.
2
Let s(m) = m**3 + m**2 + m + 23. Let n(l) = -l**3 + 0*l**3 + 12 - 4*l + 2*l + l. What is the remainder when s(0) is divided by n(0)?
11
Let b = 6 + -3. Suppose 5*l + 24 = 4*a - b, 5*a + 5*l = 0. What is the remainder when 5 is divided by a?
2
Let k = 6 - 19. Let w = k + 20. What is the remainder when w is divided by 2?
1
Suppose -3*y - 30 = 2*y. What is the remainder when (y/(-4))/(1/10) is divided by (-4)/1*4/(-2)?
7
Calculate the remainder when 42 is divided by ((-2)/(-4))/(13/390).
12
Let c = 7 + 13. Calculate the remainder when 38 is divided by c.
18
Suppose -5*b + 12*b = 168. Calculate the remainder when b is divided by 5.
4
What is the remainder when (-3)/((-426)/204 - (-1 - 1)) is divided by 6?
4
Suppose 0 = -6*g + 7*g - 2. Calculate the remainder when 7 is divided by g.
1
Suppose 3*h + 7 = 3*s - 23, 4*s - 12 = -3*h. Calculate the remainder when s is divided by 54/14 - (-7)/49.
2
Suppose 0 = -2*m + 5*j + 14, 3*j + 2 = -5*m + 68. Let g = 32 - 10. Calculate the remainder when g is divided by m.
10
Let v(s) = -2*s**2 - 42*s + 12. Suppose 6*m - 10 = 4*m. Suppose -r + m*r - 92 = 0. Calculate the remainder when r is divided by v(-21).
11
Suppose 14*m - 20 = 10*m. Let g = -2 + 3. Calculate the remainder when m is divided by g/1*4/2.
1
Let s(p) = -3*p**2 - 9*p - 5. Let a be s(-6). Let u = 98 + a. Calculate the remainder when u is divided by 20.
19
Suppose -3*n - 3*b + 46 = -251, 2*b = 2*n - 190. What is the remainder when n is divided by 9?
7
Let i(c) = 7*c + 0*c - 3*c + 7 + 5*c. What is the remainder when i(3) is divided by 9?
7
Let s be (-158)/18 + (-8)/36. What is the remainder when 75 is divided by (s - -34) + 2/2?
23
Suppose -7*h + 2*h + 35 = 0. What is the remainder when 13 is divided by h?
6
What is the remainder when 21 is divided by 1/(-4)*-4 - -7?
5
Suppose -5*o - 3*c = -3*o - 37, -2*o + 42 = 4*c. Calculate the remainder when 21 is divided by o.
10
Let d(i) = 3*i**2 - 10*i + 11. What is the remainder when d(5) is divided by 10?
6
Let z = -7 + 20. What is the remainder when ((-152)/12)/(1/(-3)) is divided by z?
12
Let f = 2 - -29. Calculate the remainder when f is divided by 11.
9
Let z(o) = 17*o**2 - 8*o + 9. What is the remainder when 120 is divided by z(2)?
59
Suppose -6 = 3*w - w, 63 = v + 3*w. Calculate the remainder when v is divided by 15.
12
Let z(q) = q + 21. Calculate the remainder when 15 is divided by z(-13).
7
Let z(l) = l**3 - l**2 + 56. Let w be z(0). Suppose -6*d - 124 = -2*d. Let b = w + d. What is the remainder when b is divided by 9?
7
Let m = -18 + 7. Let t(p) be the second derivative of -p**5/20 - 11*p**4/12 - p**3/6 - 9*p**2/2 - p. What is the remainder when 2 is divided by t(m)?
0
Suppose 3*z = -2*z + 55. Suppose -m - 3 = -h + 2, 0 = 4*h + m - 15. Let p = z - h. Calculate the remainder when 12 is divided by p.
5
Let r be ((-60)/2)/((-3)/6). Let c = r + -23. Calculate the remainder when c is divided by 19.
18
Let i be (-11 + 0 + 1)/2. What is the remainder when (-85)/(-2)*(-4)/i is divided by 12?
10
Suppose 0*k = 5*k. Suppose k = 3*s - 10 - 8. Let r = 4 + s. Calculate the remainder when 29 is divided by r.
9
Let i(l) = l**2 - 2*l + 2. Let u(f) = -2*f - 3. What is the remainder when i(2) is divided by u(-2)?
0
Let o(v) = 3*v + 6. Let j be o(-13). What is the remainder when 2/(j/12 - -3) is divided by 3?
2
Suppose -1 - 10 = -g. Calculate the remainder when 19 is divided by g.
8
Suppose -s - 44 = -4*x - x, 20 = 2*x - s. What is the remainder when 25 is divided by x?
1
Let o = 8 - 15. Let q(a) = -2*a + 5. Calculate the remainder when q(o) is divided by 7.
5
Suppose 2*g - b = -g + 257, 0 = -2*g - b + 168. Calculate the remainder when g is divided by 29.
27
Suppose d + 1 + 1 = -c, -2*c - 13 = -d. Suppose -d*x - 5*u + 15 = -134, -211 = -5*x + u. Calculate the remainder when x is divided by 15.
13
Suppose -4*j + 1 = -23. Suppose -j - 38 = -4*z. Calculate the remainder when z is divided by 3.
2
Suppose -4 = 2*c, 5*w = -3*c + 16 + 83. Suppose m - 2*j = 15, -2*m + 0*m = -j - w. What is the remainder when 2*(-2)/12*-51 is divided by m?
8
Let z be (-24)/(-18) - 4/(-6). Suppose -z*a + 17 = -41. Calculate the remainder when 55 is divided by a.
26
Calculate the remainder when 50 is divided by ((-1)/3)/(2/(-156)).
24
Let y(h) = -14 - 10*h**2 + 21 - 2*h - h**3 - 7*h. Calculate the remainder when y(-9) is divided by 3.
1
Suppose -a - 3*a - 248 = 0. Let z = a - -109. Suppose 5*o + 0 = 80. What is the remainder when z is divided by o?
15
Suppose 12 = 4*c, -1 = q + 2*c - 5*c. What is the remainder when q is divided by -4 + 4 - (-3 + 0)?
2
Suppose 2*h + b - 36 = 0, -2*h + 3*b - b + 42 = 0. What is the remainder when h is divided by 10?
9
Suppose 7*o - 178 = 88. Calculate the remainder when 187 is divided by o.
35
Calculate the remainder when 130 is divided by 1*((-15)/5 + 22).
16
Let h(p) = 4*p - 1. Let o(u) = u**3 + 9*u**2 + 7*u - 8. Suppose -3*n - 21 = 2*c, 2*c + 0*c = 4*n. What is the remainder when o(c) is divided by h(4)?
13
Let o(y) = 3*y - 13. Calculate the remainder when 14 is divided by o(6).
4
Let b(y) = y**3 + y**2 + 26. Let q be (-2 + (-2 - -4))/2. What is the remainder when b(q) is divided by 7?
5
Let b(u) = -8*u - 17. Calculate the remainder when 154 is divided by b(-7).
37
Let w(n) = -n**3 - 8*n**2 + 3. Let k be w(-8). Suppose 0 = 3*f - k. What is the remainder when 1 is divided by f?
0
Let o = -9 + 11. Let d(k) = 4*k + 2. What is the remainder when 38 is divided by d(o)?
8
Let r = -3 + 6. Let c be -2 - 0/r - -2. Suppose c = 3*g - 58 + 16. Calculate the remainder when 26 is divided by g.
12
Let l(k) = 20*k**2 + 2*k + 1. Let f = -9 - -4. Let u = f + 10. Calculate the remainder w